b be l(-2). Let a be (-3)/(2*b/2). Let u(d) = -3*d + 1. What is u(a)?
-8
Let o(r) = 0*r**2 + 5 + r**2 + 0 + 10. Determine o(0).
15
Let b(z) = -z**2 - 2*z + 5. Let r(h) = h**2 + h - 4. Let f(w) = 2*b(w) + 3*r(w). Give f(-2).
4
Let b(f) = -3*f**2 - 9*f - 19. Let w(u) = u**2 + 5*u + 10. Let z(i) = 2*b(i) + 5*w(i). What is z(9)?
-6
Let h = 14 + -12. Let d(k) = -2*k**h + 2 + 0*k**2 + 1 - k**3 + 8*k**2 - 5*k. Give d(5).
3
Let t(o) be the second derivative of -o**7/140 - o**6/360 - o**5/120 - o**4/24 + 5*o**3/6 - 5*o. Let n(g) be the second derivative of t(g). Give n(-1).
5
Suppose -p - 5 = -0*p. Let h(t) = -6*t**3 + 8*t**2 - 6*t - 7. Let k(u) = -u**3 + u**2 - u - 1. Let l(r) = p*k(r) + h(r). Suppose -20 = -11*o + 13. Give l(o).
-5
Let j(i) = i - 3. Let r be j(6). Let s(n) = -8*n**3 + 9*n + 7*n**r - 2*n**2 + 9 - 3*n**2. Give s(-6).
-9
Let r(j) = -j**2 + 3*j - 3. Let n be r(2). Let d(f) be the second derivative of -f**3/6 + f**2/2 - 12*f. Give d(n).
2
Let l = 25 - 12. Let a = 9 - l. Let i(q) = -2 + 2 - q. What is i(a)?
4
Let f = 19 + -10. Let a = -6 + f. Let o(g) = 0*g**2 - 2*g**3 - 4*g**2 - 2 + g**a - 5*g. Determine o(-3).
4
Suppose -z + 2*z = 0. Let n(i) = -i**3 + i**2 + i + 4. Let o be n(z). Let a(b) = 2 + 3*b + 0 + o. Determine a(-4).
-6
Suppose -4*l - 3*t + 8 = 2*t, 0 = -3*l - 5*t + 11. Let x be 0/(1 + 0) + 4. Let n(z) = 0*z - z**2 - x - 5*z + 1. Determine n(l).
3
Let o(w) = -w**2 - 6*w - 5. Let j be (0 + 4)/(2/(-3)). Calculate o(j).
-5
Let d(m) be the first derivative of 1/3*m**3 - 4*m + 1/2*m**2 - 5. Give d(0).
-4
Let v(n) = -n**3 + 6*n**2 - 3*n - 3. Suppose g - 3*g = -10. Let z = g + -7. Let i = 3 - z. Calculate v(i).
7
Let j(n) = 5*n**3 + 9*n**2 + 7*n + 2. Let f(o) = -o**3 - o**2 - o - 1. Let c(k) = 6*f(k) + j(k). Suppose -q + 5 - 2 = 0. What is c(q)?
-1
Let w(a) = -3*a + 4. Let f(j) = -j + 1. Let b(q) = -5*f(q) + w(q). Calculate b(-3).
-7
Let s(q) = 25 + 4*q - 14 - 11. What is s(-1)?
-4
Let q(x) = 3*x**3 + 22*x**2 - 3. Let l(y) = -2*y**3 - 14*y**2 + 2. Let h(c) = -8*l(c) - 5*q(c). Determine h(1).
2
Let u(v) = -v**3 - v - 5. Suppose b + 0*b - 20 = -o, 4*b = 5*o - 100. Let j = o + -20. Determine u(j).
-5
Let o(d) = -5*d - 6. Let p(x) = 11*x + 13. Let n(s) = -5*o(s) - 2*p(s). Give n(-6).
-14
Suppose -4*u + l + 13 = 0, 2*l = -0*u - 2*u - 6. Suppose -a = -u*a. Let q(x) = x**2 - 4. Let h be q(a). Let v(g) = -g**3 - 4*g**2 - 3*g - 5. Calculate v(h).
7
Let g(q) = -5*q + 3. Suppose 4*x - 53 = -1. Suppose -10*o - 6 = -x*o. Give g(o).
-7
Let z(f) = 3 + f - 2 + 2. Let x = 0 - 3. What is z(x)?
0
Let l(t) = -t + 1. Suppose -2*y - 53 = i - 6*i, 20 = -5*y. Suppose -5*a + 3 = -4*u - 0, -u + i = 2*a. Let w be -1 + (-2 - (-3)/a). Calculate l(w).
3
Let h(k) be the first derivative of -10*k**3/3 - k**2/2 - 3. Let q(n) = n**3 + n**2 + 1. Let x be q(0). What is h(x)?
-11
Let s(i) be the second derivative of -i**6/720 + i**5/120 + i**4/2 - 6*i. Let n(o) be the third derivative of s(o). Give n(0).
1
Let k(y) = -y**3 - 3*y**2 + 8*y + 5. Let i(z) = z**2 + 2*z + 2. Let n be i(0). Suppose 4*c = n*c - 10. What is k(c)?
15
Let y(j) = 4*j**2 - 2*j + 0 + 2 - j**3 + 0*j**2. Let u be y(4). Let n(x) = 4*x + 3 + 4 - 2*x - x. Give n(u).
1
Let y = 5 - 8. Let c(h) be the third derivative of -h**5/60 - h**4/8 - h**2. Determine c(y).
0
Suppose 3*x + 2*x - 2*y - 30 = 0, 0 = -5*y. Let p(h) = 5*h - 11*h + 7*h. Give p(x).
6
Let f(v) = -2*v - 2. Let d = -27 - -21. Let t = d - -2. Determine f(t).
6
Let i be 0/4 + 21/3. Let c(v) = v**2 - 8*v + 10. Calculate c(i).
3
Let h(j) = -j**3 + j**2 + j + 1. Let l(n) = -3*n**3 - 6*n**2 - 8*n - 4. Let c(k) = -2*h(k) + l(k). Let y = -215 - -209. Calculate c(y).
-18
Let a(r) be the second derivative of -r**5/20 + r**4/6 + 5*r**3/6 - 3*r**2/2 + 18*r. Suppose 0*o = o - 3. Calculate a(o).
3
Let x(j) be the second derivative of j**7/840 - j**5/120 + j**4/4 - 2*j. Let n(l) be the third derivative of x(l). Calculate n(1).
2
Suppose p = -3*r - 25, 3*r - 4*r - 2*p = 5. Let c be (-2 - 15/r)*-3. Let d(u) = 5*u - 5*u - u. Calculate d(c).
-1
Suppose 4 = i + 1. Let m(y) = y**3 - 2*y**2 - 4. Calculate m(i).
5
Let t(r) be the first derivative of r**7/840 + r**6/180 - r**5/120 + r**4/24 - 8*r**3/3 + 2. Let l(k) be the third derivative of t(k). What is l(-3)?
-5
Let v = 6 - 3. Suppose 0 = -4*i + i - v. Let t(g) = -3*g**2 - 1. What is t(i)?
-4
Suppose 1 + 0 = 3*q + 5*n, -11 = -3*q + 5*n. Let i(u) = 3*u**3 - u**2. Calculate i(q).
20
Let z(k) = 4*k**3 - 4*k**3 - 2*k**2 - 4 - k**3. Let b = -21 + 18. Give z(b).
5
Let g(b) = -b**2 - b + 1. Let i be (4/(-6))/((-2)/21). Let z(x) = x**3 - 7*x**2 + 3. Let l be z(i). Let m be l*3/(-5 + 2). Determine g(m).
-5
Let l(j) = -4*j**3 + j**2. Suppose 2 = -3*s + 4*s, 0 = 5*r + 2*s - 9. Suppose 3*u + r = 2*u. Calculate l(u).
5
Let g(u) = u**2 + 0*u**2 - 3 + 0*u - 2*u. Calculate g(3).
0
Let g(c) = -2*c**3 + 3*c**2. Suppose -4*y - 3*v + 9 = -2*v, -5 = -4*y + 3*v. Give g(y).
-4
Let w(p) = -p**3 + p**2 + 2*p - 3. Let j(f) = -f**3 + 5*f**2 + 2. Let h be j(5). Give w(h).
-3
Let q(i) = -3*i + 3. Suppose 0 = z + 8 - 0. Let r(v) = v**2 + 8*v + 2. Let j be r(z). Give q(j).
-3
Let c(b) = b**3 + 2*b**2 + b - 2. Let k(q) = -2*q**2 + 2*q - 4. Let s(h) = 1 - 2 + h - 3 + 5. Let u(t) = k(t) + 2*s(t). Let g be u(2). Determine c(g).
-4
Let l be 6/2 + 0 + -3. Let w(n) = -n + 5 + 2*n + 0 + l. Suppose 4*r = r - h + 17, 5*h = 4*r - 10. Determine w(r).
10
Let p(h) = -h + 4. Let z(u) = u + 1. Let n(a) = p(a) + 2*z(a). Suppose -9 = -3*r + 3*b, -3*r - 2*r - 2*b + 29 = 0. Let g be (-4 + r)*5*-1. What is n(g)?
1
Let u(v) = 3*v - 6*v + 2*v. Suppose 0 = -2*m + 4*f, 10*m - 5*m = 3*f. Give u(m).
0
Let n be (-25)/(-2)*(-1 - -3). Suppose g + 19 = 2*v - 6*v, -5*g + n = 0. Let z(f) = f**2 + 8*f + 5. Determine z(v).
-7
Suppose 0 = -4*s - 4. Let b(f) = -10*f**2 - f + 3*f - 3*f + f**2. Give b(s).
-8
Let j be 0 - (5 - (8 - -1)). Let o(q) = q**3 - 3*q**2 - 2*q + 2. Calculate o(j).
10
Let n(f) = 8*f**2 + f**3 - 4 - 3*f**2 - 2*f**3 - 3*f. Determine n(4).
0
Let s(d) = d - 3. Let l be s(6). Let n be l/(-15) - 38/10. Let i(f) be the first derivative of -f**2 + f - 2. Give i(n).
9
Suppose 0 = 3*f - 5*r - 15, -3*f - 2*r = 3*r + 15. Let g(n) = -5*n**3 - 11*n**2 - 6. Let y(b) = 2*b**3 + 4*b**2 + 2. Let t(i) = 3*g(i) + 8*y(i). What is t(f)?
-2
Let y(g) be the third derivative of -1/12*g**4 - 2*g**2 + 0*g + 0 - g**3. What is y(-5)?
4
Let u(h) be the third derivative of h**3 + 0 + 3*h**2 + 1/60*h**5 - 1/6*h**4 + 0*h. What is u(4)?
6
Let d(x) be the first derivative of x**4/4 - 2*x**3 - x**2 + 7*x - 10. Give d(6).
-5
Let t(w) be the first derivative of w**4 + w**3/3 - 7*w**2/2 - 9*w - 2. Let k(o) = -o**3 + o**2 + 1. Let g(a) = -3*k(a) - t(a). What is g(-5)?
-4
Let l(a) = 21*a + 4*a**2 - 4 - 3*a**2 - 15*a. Let d be 99/(-15) - 18/(-30). Give l(d).
-4
Let w(f) = -f**2 - 6*f - 4. Let k(v) = v + 1. Let b(y) = 3*k(y) + w(y). Give b(-3).
-1
Let o(x) = 3*x - 5 - 4*x + 7. Calculate o(-4).
6
Let p(j) = j**3 + j**2 - 1. Suppose 5*x + 6 = t + 3*x, 0 = 2*x + 4. Determine p(t).
11
Let f be (-10)/3*(-3)/2. Let x(d) = d + 5. Determine x(f).
10
Let z(l) = l**2. Let v(r) = -r**3 - 21*r**2 - 20*r - 1. Let x be v(-20). Calculate z(x).
1
Let s = 4 + -1. Let r = -4 + s. Let y(f) = -6*f**2 - 1 + 13*f**2 - 2*f + 0*f. Determine y(r).
8
Let u(o) = -7*o - 1. Let q(g) be the first derivative of -g**2/2 + 7*g - 2. Suppose 0 = 3*s - 16 - 8. Let v be q(s). Calculate u(v).
6
Let k be ((-6)/(-12) + 0)*-10*1. Let u(l) = -l**3 - 5*l**2 + 2*l + 6. Give u(k).
-4
Let y(z) = 5*z - 5*z - 2*z. Give y(-3).
6
Suppose 4*o + o = 15. Let h(s) = -4*s**3 - 16*s**2 + 16*s - 9. Let w(b) = -b**3 - 5*b**2 + 5*b - 3. Let g(i) = 2*h(i) - 7*w(i). Calculate g(o).
-6
Let d = 19 - 23. Let p(b) = -4*b**2 + b + 6. Let w(r) = 5*r**2 - 7. Let x(o) = d*p(o) - 3*w(o). Give x(3).
-6
Let n(s) = -4*s - 2. Let z be n(-2). Let w(q) = 4*q**3 - 10*q**2 + 2*q - 1. Let d(k) = -k**3 + k**2 + k - 1. Let t(g) = 3*d(g) + w(g). What is t(z)?
-10
Let l(z) = z**3 - z**2 + 2. Let b be l(0). Let k = -3 + b. Let x(d) = -9*d**3 - d - 1. Give x(k).
9
Let i(k) = -4*k**2 - k**3 + 5*k**2 + k + 0*k**3 + 2*k**3. Let b be (0/(-2) - 16)/(-1). Let q be b/(-6) - 4/(-6). What is i(q)?
-6
Let i(g) be the second derivative of g**7/420 + g**6/90 + g**5/40 - g**3/6 + 6*g. Let w(o) be th